r of c and 45.
45
Suppose 4*h + 4 = -r - 8, 0 = -r + 4*h + 20. Let p(o) = -o**3 + 5*o**2 + 3*o + 6. Let j be p(r). What is the highest common factor of j and 34?
34
Let z(g) = -1145*g**3 + 36*g**2 + 39*g + 2. Let m be z(-1). What is the highest common divisor of 208 and m?
104
Suppose -110 = 4*p - 494. Suppose -3*l + 56 - 3 = -d, 4*l - 2*d - 70 = 0. Calculate the greatest common divisor of p and l.
6
Suppose 4*v + 4*f = 1166 + 150, 5*v - 4*f - 1609 = 0. Let c = v + -50. Let z be (-25)/2*(-4 + 2)*1. Calculate the highest common divisor of z and c.
25
Let c be 20 + (63/(-9) - -195). Calculate the greatest common divisor of 299 and c.
13
Let m be (2 + 30/(-4))*-22. Let l(u) = -u**3 - 19*u**2 - 2*u - 38. Let a be l(-19). Suppose a = 32*n - 34*n + 22. What is the highest common factor of n and m?
11
Suppose 7*v - 2*v - m - 26 = 0, -5*m + 50 = 5*v. Let u be -178*(-3)/6 - (7 - v). What is the highest common divisor of u and 8?
8
Let h(p) = 1230*p**2 - 46*p - 46. Let u be h(-1). Calculate the greatest common divisor of u and 82.
82
Let b(u) = 145*u**2 - 124*u + 126. Let y be b(1). Calculate the highest common divisor of 735 and y.
147
Suppose -3642*i + 4*w + 21708 = -3639*i, 7226 = i - 3*w. What is the highest common divisor of i and 12?
4
Suppose 30*h + 6890 = 8586 + 8384. Calculate the greatest common divisor of h and 714.
42
Let p(c) = -c**3 - 82*c**2 - 206*c - 360. Let v be p(-80). What is the greatest common divisor of 160 and v?
40
Let n(j) = 2*j**3 - 4*j**2 - 262*j + 2249. Let g be n(9). What is the highest common divisor of g and 328?
41
Let z = -65 - -100. Let k be 10/z - 1674/(-21). Calculate the greatest common divisor of k and 60.
20
Suppose 0 = -5*o + 2*o + 252. Let v(j) = -j**3 + 87*j**2 - 408*j - 108. Let b be v(82). Calculate the greatest common divisor of b and o.
28
Suppose 3*s + 4*o - 255 = 0, 3*s - 8*s + o = -448. Suppose -6666 = -13*m + 3747. Calculate the highest common factor of m and s.
89
Suppose 22*g = 18*g - 16. Let n be (g - 0)*1 + 12. Suppose -n*y = -3*y - 150. Calculate the highest common divisor of 60 and y.
30
Let c be -154 + 5 + (9 - 3). Let t = 231 + c. Calculate the highest common divisor of 22 and t.
22
Let a be 2 - 207/138*(-28)/3. Calculate the greatest common factor of a and 10352.
16
Let m(b) = -b**2 + 12*b + 16. Let t = -30 + 22. Let h be (-18)/t*(-128)/(-24). Let r be m(h). Calculate the highest common factor of r and 4.
4
Let q be 68 - 1/3*3. Suppose -45*r + 31541 + 4907 = -11*r. What is the greatest common divisor of q and r?
67
Let m = -56 + 81. Let n be (4 + (-42)/8)/(7610/(-200) + 38). Calculate the highest common factor of m and n.
25
Suppose -30*s - 4 = -32*s. Suppose -652 = -5*f - 3*g, 5*g = -s*f - 19 + 295. What is the greatest common factor of f and 48?
16
Suppose -49*g + 24*g + 4500 = 0. Let p = -44 + g. What is the greatest common factor of 16 and p?
8
Let p = -1088 + 2968. What is the greatest common divisor of p and 40?
40
Suppose 12810 = 2*q - 3*y, 19230 = 9*q - 6*q - 2*y. What is the greatest common divisor of q and 18?
6
Let m be (-3*224/(-20))/(1/150*4). What is the highest common divisor of m and 540?
180
Let f = 122 + -43. Let r = f + 61. Let o = 6 - -14. Calculate the greatest common divisor of r and o.
20
Let t(m) = -3*m**3 - 64*m**2 + 106*m - 136. Let i be t(-23). Suppose 4*w - 2423 + 435 = 0. What is the greatest common divisor of w and i?
71
Let r = 1649 + -1645. Calculate the greatest common factor of r and 1856.
4
Let o = -2294 - -3869. Suppose k + o = 10*k. Calculate the greatest common divisor of 50 and k.
25
Suppose -5*o - 2*c + 129 = 0, -2*c = 5*o - 7*o + 60. Suppose -39 = -s + i, -s - 5*i = -3*s + 87. What is the greatest common factor of o and s?
9
Let i be 1 + (-3 + 1)*1 - -120. Suppose 4*j + n = 146, 3*j - n - i = -6. Let h = 51 - j. Calculate the greatest common factor of h and 14.
14
Let v(s) = -170*s**3 - 3*s**2 - 4*s - 1. Let w be v(-1). What is the highest common divisor of 17 and w?
17
Let w be -10*1*1/(-2). Let u be ((-11)/3)/(75/900). Let n be (-9)/36*u - -4. Calculate the greatest common factor of w and n.
5
Suppose -15 = 3*k + 4*r, -k + 77*r - 82*r - 49 = 0. Let u be (-2)/4 - (-903)/2. What is the highest common factor of u and k?
11
Suppose 1188 = 4*x - 2*d, x + d - 135 - 153 = 0. Let t = -28 - -42. Calculate the greatest common factor of t and x.
14
Suppose 75 = 2*a + 59. Suppose 3*n + n = 0. Suppose n = 4*i + i - 15, -r = -5*i - 1. Calculate the highest common divisor of r and a.
8
Suppose 136*k - 9122 + 7708 - 18986 = 0. What is the highest common factor of k and 14550?
150
Let q(n) = -n**2 - 32*n - 184. Let u be q(-24). Let d be -8 + u + 8*(1 - 0). Let g be 2/4 + 6/4. Calculate the greatest common divisor of g and d.
2
Let w be ((-552)/11)/(-1) - (896/(-154))/(-32). Calculate the highest common divisor of w and 635.
5
Suppose 16 = 4*t, -5*v + 2171 = -37*t + 36*t. Calculate the greatest common divisor of v and 290.
145
Suppose -3*x + 665 = -40. Let g = -461 + 555. Calculate the greatest common divisor of g and x.
47
Let g(n) be the first derivative of 5/3*n**3 + 13 - 2*n**2 + 0*n. Let b be g(2). What is the greatest common divisor of b and 18?
6
Let b = -17 + 25. Let q(k) = k**3 - 8*k**2 + 5*k - 10. Let u be q(b). Let j(y) = 7*y + 30. Let r be j(0). What is the highest common factor of r and u?
30
Let z(u) = 225*u**2 + 23*u + 69. Let w be z(-4). Calculate the greatest common factor of w and 49.
49
Suppose -3*o + 5 = -6*j + 4*j, -5*j = -4*o - 5. Let c be 1*4 - (-1 + 4). Let w be -2 + c - (-13 + 7). What is the greatest common divisor of j and w?
5
Let w be ((-1099)/49 + 1)/((-24)/224). Calculate the highest common divisor of 1130 and w.
10
Let y be 2 - (-2978 - (2 - 7)). Calculate the highest common factor of y and 476.
119
Suppose -65*f = -761 - 9639. What is the highest common factor of 45 and f?
5
Suppose -3*b = a - 99, -425*b = 2*a - 426*b - 135. Calculate the greatest common divisor of 618 and a.
6
Suppose -13*g + 254 = 72. Let r = 115 - 97. What is the greatest common divisor of g and r?
2
Let m(h) = 4*h - 2. Let j be m(1). Suppose -2*x - 5*p = -23, 5*p + 59 - 6 = j*x. Calculate the highest common divisor of x and 133.
19
Suppose -50 = -4*h - 2. Suppose 3*g - 333 = -5*v, 2*v - v = -3. Let f = -80 + g. Calculate the greatest common factor of h and f.
12
Suppose 1476 = 9*d + 270. Let k = d - 120. Calculate the highest common factor of 7 and k.
7
Let k(m) = 8*m**2 + 2*m + 21. Let d be k(-4). Suppose 2580 = d*w - 135*w. What is the highest common factor of w and 20?
10
Let j be 9*2/12 + 69/2. Suppose 63 = i + 3*o, -4*i = o - 5*o - 236. What is the highest common divisor of i and j?
12
Let m = 19267 + -10222. What is the greatest common factor of m and 540?
135
Suppose 0 = -0*i - 3*i + 12. Let y(t) = -2*t. Let q(p) = -33*p - 411. Let d(z) = -q(z) + 3*y(z). Let a be d(-15). What is the highest common factor of a and i?
2
Suppose 0 = -5*x - 39 + 339. Suppose 146 + 46 = 4*w. What is the highest common divisor of w and x?
12
Let b(w) = w**3 - w**2 + 2. Let y be b(0). Suppose -6 = y*c - 0*c. Let l be c/((-2)/(1320/9)). Calculate the greatest common divisor of l and 20.
20
Let k be -9*(-4)/3*5/20*7. Let z = 4 + 12. Let x be ((3 - 1) + 1)*(k - z). What is the greatest common divisor of x and 135?
15
Let f(y) = -18*y + 39. Let i be f(-6). Let w = i + -113. What is the greatest common divisor of w and 544?
34
Suppose 5*k = 159*t - 157*t + 1, 4*k - 10*t + 16 = 0. What is the highest common factor of 773 and k?
1
Suppose -5*v - h + 40 = 0, 48 = 7*v - 3*v + 4*h. Suppose 66*x + 207*x = 36309. Calculate the highest common factor of x and v.
7
Suppose 32*y = -218 + 986. Calculate the greatest common factor of 3984 and y.
24
Suppose 97*d - 91*d - 36 = 0. Suppose 0*a + 3*a - 162 = 0. What is the greatest common factor of d and a?
6
Suppose 297*f - 424679 - 339561 = -82625. Calculate the highest common divisor of f and 72.
9
Let p = -687 - -700. Suppose -r + 22 = 3*u - 42, 0 = r - 3*u - 70. Suppose r = m + h, -3*m + 21 = h - 176. Calculate the greatest common divisor of m and p.
13
Suppose 8 - 5 = 3*m. Let l be 4/(-4)*m - (1 - 3). Let f be -1 - -1 - (-6 + l). What is the highest common divisor of 20 and f?
5
Let p = 60 + -92. Let t = -12 - p. Suppose 5*l - t = 3*l. What is t